{"id":626,"date":"2023-10-15T09:41:33","date_gmt":"2023-10-15T06:41:33","guid":{"rendered":"https:\/\/angla.saaremaa-top.ee\/angla\/?page_id=626"},"modified":"2023-11-06T01:33:46","modified_gmt":"2023-11-05T22:33:46","slug":"eripakkumised-gruppidele","status":"publish","type":"page","link":"https:\/\/angla.saaremaa-top.ee\/angla\/eripakkumised-gruppidele\/","title":{"rendered":"Eripakkumine gruppidele \u201cTuulikum\u00e4e k\u00fclastus\u201d"},"content":{"rendered":"\n<div class=\"wp-block-group alignfull is-layout-constrained wp-block-group-is-layout-constrained\">\n<div id=\"wp-block-themeisle-blocks-advanced-columns-2c60bc77\" class=\"wp-block-themeisle-blocks-advanced-columns alignfull has-1-columns has-desktop-equal-layout has-tablet-equal-layout has-mobile-collapsedRows-layout has-reverse-columns-mobile has-vertical-top ticss-c00aadba\"><div class=\"wp-block-themeisle-blocks-advanced-columns-overlay\"><\/div><div class=\"innerblocks-wrap\">\n<div id=\"wp-block-themeisle-blocks-advanced-column-75b9263d\" class=\"wp-block-themeisle-blocks-advanced-column\">\n<div class=\"wp-block-columns are-vertically-aligned-top is-not-stacked-on-mobile has-raft-fg-alt-color has-text-color has-link-color wp-elements-6fbd427cfaf85022897b7f1e38bb674e is-layout-flex wp-container-core-columns-is-layout-e79a657b wp-block-columns-is-layout-flex\" style=\"padding-top:0\">\n<div class=\"wp-block-column is-vertically-aligned-top is-content-justification-left is-layout-constrained wp-container-core-column-is-layout-1ad27c61 wp-block-column-is-layout-constrained\" style=\"padding-right:0;padding-left:0;flex-basis:350px\"><div class=\"aligncenter wp-block-site-logo\"><a href=\"https:\/\/angla.saaremaa-top.ee\/angla\/\" class=\"custom-logo-link\" rel=\"home\"><img loading=\"lazy\" decoding=\"async\" width=\"300\" height=\"255\" src=\"https:\/\/angla.saaremaa-top.ee\/angla\/wp-content\/uploads\/est-ANGLA-vertikaalne-VALGE.png\" class=\"custom-logo\" alt=\"ANGLA tuulikum\u00e4gi\" srcset=\"https:\/\/angla.saaremaa-top.ee\/angla\/wp-content\/uploads\/est-ANGLA-vertikaalne-VALGE.png 500w, https:\/\/angla.saaremaa-top.ee\/angla\/wp-content\/uploads\/est-ANGLA-vertikaalne-VALGE-450x383.png 450w\" sizes=\"auto, (max-width: 300px) 100vw, 300px\" \/><\/a><\/div><\/div>\n\n\n\n<div class=\"wp-block-column is-vertically-aligned-top has-white-color has-text-color has-medium-font-size is-layout-flow wp-container-core-column-is-layout-5a5c8e5d wp-block-column-is-layout-flow\" style=\"padding-top:0;padding-right:0;padding-bottom:0;padding-left:0;flex-basis:50%\">\n<div style=\"height:5px\" aria-hidden=\"true\" class=\"wp-block-spacer\"><\/div>\n<\/div>\n\n\n\n<div class=\"wp-block-column is-vertically-aligned-top is-layout-flow wp-block-column-is-layout-flow\" style=\"padding-left:var(--wp--preset--spacing--40);flex-basis:50%\">\n<p class=\"has-text-align-center has-white-color has-text-color\" style=\"padding-top:var(--wp--preset--spacing--20);padding-right:0;padding-bottom:0;font-size:18px\"><a href=\"https:\/\/angla.saaremaa-top.ee\/angla\/en\/\"><strong>EN<\/strong><\/a><strong> <a href=\"https:\/\/angla.saaremaa-top.ee\/angla\/en\" data-type=\"page\" data-id=\"684\"> <\/a><a href=\"https:\/\/angla.saaremaa-top.ee\/angla\/ru\/\" data-type=\"page\" data-id=\"706\">RU<\/a> <\/strong><\/p>\n\n\n\n<div id=\"wp-block-themeisle-blocks-font-awesome-icons-79bda70f\" class=\"wp-block-themeisle-blocks-font-awesome-icons\"><span class=\"wp-block-themeisle-blocks-font-awesome-icons-container nan-padding\"><a href=\"https:\/\/www.facebook.com\/AnglaTuulikud\" target=\"_blank\" rel=\"noopener noreferrer\"><i class=\"fab fa-facebook\"><\/i><\/a><\/span><\/div>\n<\/div>\n<\/div>\n\n\n\n<div style=\"height:180px\" aria-hidden=\"true\" class=\"wp-block-spacer\"><\/div>\n\n\n\n<div style=\"height:30px\" aria-hidden=\"true\" class=\"wp-block-spacer\"><\/div>\n<\/div>\n<\/div><\/div>\n<\/div>\n\n\n\n<div id=\"wp-block-themeisle-blocks-button-group-368d04b1\" class=\"wp-block-themeisle-blocks-button-group wp-block-buttons align-center-desktop\">\n<div id=\"wp-block-themeisle-blocks-button-412bdb6f\" class=\"wp-block-themeisle-blocks-button wp-block-button\"><a href=\"https:\/\/angla.saaremaa-top.ee\/angla\/angla-tuulikumagi\/\" target=\"_self\" rel=\"noopener noreferrer\" class=\"wp-block-button__link\"><i class=\"fas fa-fw fa-arrows-alt margin-right\"><\/i><span>Tuulikum\u00e4gi<\/span><\/a><\/div>\n\n\n\n<div id=\"wp-block-themeisle-blocks-button-994d9174\" class=\"wp-block-themeisle-blocks-button wp-block-button\"><a href=\"https:\/\/angla.saaremaa-top.ee\/angla\/angla-tuulikumagi-ja-parandkultuuri-keskus\/\" target=\"_self\" rel=\"noopener noreferrer\" class=\"wp-block-button__link\"><i class=\"fas fa-fw fa-arrows-alt margin-right\"><\/i><span>P\u00e4randkultuur<\/span><\/a><\/div>\n\n\n\n<div id=\"wp-block-themeisle-blocks-button-9b360084\" class=\"wp-block-themeisle-blocks-button wp-block-button\"><a href=\"https:\/\/angla.saaremaa-top.ee\/angla\/hinnad-ja-avatud-ajad\/\" target=\"_self\" rel=\"noopener noreferrer\" class=\"wp-block-button__link\"><i class=\"fas fa-fw fa-arrows-alt margin-right\"><\/i><span>K\u00fclastusinfo<\/span><\/a><\/div>\n\n\n\n<div id=\"wp-block-themeisle-blocks-button-95e0125d\" class=\"wp-block-themeisle-blocks-button wp-block-button\"><a href=\"https:\/\/angla.saaremaa-top.ee\/angla\/galerii\/\" target=\"_self\" rel=\"noopener noreferrer\" class=\"wp-block-button__link\"><i class=\"fas fa-fw fa-arrows-alt margin-right\"><\/i><span>Galerii<\/span><\/a><\/div>\n<\/div>\n\n\n\n<div id=\"wp-block-themeisle-blocks-advanced-columns-d477d3fb\" class=\"wp-block-themeisle-blocks-advanced-columns has-1-columns has-desktop-equal-layout has-tablet-equal-layout has-mobile-equal-layout has-vertical-unset\"><div class=\"wp-block-themeisle-blocks-advanced-columns-overlay\"><\/div><div class=\"innerblocks-wrap\">\n<div id=\"wp-block-themeisle-blocks-advanced-column-3cd5d3b7\" class=\"wp-block-themeisle-blocks-advanced-column\">\n<div class=\"wp-block-group alignfull has-background is-layout-flow wp-block-group-is-layout-flow\" style=\"background-color:#f8f4e4\">\n<div class=\"wp-block-columns alignwide is-layout-flex wp-container-core-columns-is-layout-28f84493 wp-block-columns-is-layout-flex\">\n<div class=\"wp-block-column is-layout-flow wp-block-column-is-layout-flow\">\n<div style=\"height:20px\" aria-hidden=\"true\" class=\"wp-block-spacer\"><\/div>\n\n\n\n<h2 class=\"wp-block-heading\">Eripakkumine gruppidele \u201cTuulikum\u00e4e k\u00fclastus\u201d<\/h2>\n\n\n\n<div style=\"height:30px\" aria-hidden=\"true\" class=\"wp-block-spacer\"><\/div>\n\n\n\n<div style=\"height:5px\" aria-hidden=\"true\" class=\"wp-block-spacer\"><\/div>\n<\/div>\n<\/div>\n\n\n\n<div class=\"wp-block-columns alignwide is-layout-flex wp-container-core-columns-is-layout-28f84493 wp-block-columns-is-layout-flex\">\n<div class=\"wp-block-column is-layout-flow wp-block-column-is-layout-flow\" style=\"flex-basis:50%\">\n<p>Gruppidele alates 10 k\u00fclalisest pakume<strong>&nbsp;ette tellimisel&nbsp;<\/strong>paketti \u201cTuulikum\u00e4e k\u00fclastus\u201d.<\/p>\n\n\n\n<p><strong>Paketi hind<\/strong>: 14.- \u00fche k\u00fclalisele.<\/p>\n\n\n\n<p><strong>Hind sisaldab:<\/strong><\/p>\n\n\n\n<ul class=\"wp-block-list\">\n<li>Sissep\u00e4\u00e4su pilet ANGLA tuulikum\u00e4ele ja p\u00e4randkultuurikeskusesse<\/li>\n\n\n\n<li>Angla rukkileiva degusteerimine \u00fcrdiv\u00f5i ja -taimeteega<\/li>\n<\/ul>\n\n\n\n<p>Lisatasu eest (60.- grupi kohta) giiditeenus eesti, soome, vene v\u00f5i inglise keeles. Grupi giidile ja bussijuhile on sissep\u00e4\u00e4s tasuta.<\/p>\n\n\n\n<div style=\"height:18px\" aria-hidden=\"true\" class=\"wp-block-spacer\"><\/div>\n\n\n\n<div class=\"wp-block-buttons is-layout-flex wp-block-buttons-is-layout-flex\">\n<div class=\"wp-block-button\"><a class=\"wp-block-button__link has-background wp-element-button\" href=\"https:\/\/angla.saaremaa-top.ee\/angla\/kontakt\/\" style=\"background-color:#79421f\">Saada p\u00e4ring \u00bb<\/a><\/div>\n<\/div>\n\n\n\n<div style=\"height:26px\" aria-hidden=\"true\" class=\"wp-block-spacer\"><\/div>\n<\/div>\n\n\n\n<div class=\"wp-block-column is-layout-flow wp-block-column-is-layout-flow\" style=\"flex-basis:50%\">\n<figure data-wp-context=\"{&quot;imageId&quot;:&quot;69e9268a8d9ad&quot;}\" data-wp-interactive=\"core\/image\" data-wp-key=\"69e9268a8d9ad\" class=\"wp-block-image size-full wp-lightbox-container\"><img loading=\"lazy\" decoding=\"async\" width=\"450\" height=\"450\" data-wp-class--hide=\"state.isContentHidden\" data-wp-class--show=\"state.isContentVisible\" data-wp-init=\"callbacks.setButtonStyles\" data-wp-on--click=\"actions.showLightbox\" data-wp-on--load=\"callbacks.setButtonStyles\" data-wp-on-window--resize=\"callbacks.setButtonStyles\" src=\"https:\/\/angla.saaremaa-top.ee\/angla\/wp-content\/uploads\/ANgla-grupp-prouad.jpg\" alt=\"\" class=\"wp-image-815\" srcset=\"https:\/\/angla.saaremaa-top.ee\/angla\/wp-content\/uploads\/ANgla-grupp-prouad.jpg 450w, https:\/\/angla.saaremaa-top.ee\/angla\/wp-content\/uploads\/ANgla-grupp-prouad-150x150.jpg 150w\" sizes=\"auto, (max-width: 450px) 100vw, 450px\" \/><button\n\t\t\tclass=\"lightbox-trigger\"\n\t\t\ttype=\"button\"\n\t\t\taria-haspopup=\"dialog\"\n\t\t\taria-label=\"Enlarge\"\n\t\t\tdata-wp-init=\"callbacks.initTriggerButton\"\n\t\t\tdata-wp-on--click=\"actions.showLightbox\"\n\t\t\tdata-wp-style--right=\"state.imageButtonRight\"\n\t\t\tdata-wp-style--top=\"state.imageButtonTop\"\n\t\t>\n\t\t\t<svg xmlns=\"http:\/\/www.w3.org\/2000\/svg\" width=\"12\" height=\"12\" fill=\"none\" viewBox=\"0 0 12 12\">\n\t\t\t\t<path fill=\"#fff\" d=\"M2 0a2 2 0 0 0-2 2v2h1.5V2a.5.5 0 0 1 .5-.5h2V0H2Zm2 10.5H2a.5.5 0 0 1-.5-.5V8H0v2a2 2 0 0 0 2 2h2v-1.5ZM8 12v-1.5h2a.5.5 0 0 0 .5-.5V8H12v2a2 2 0 0 1-2 2H8Zm2-12a2 2 0 0 1 2 2v2h-1.5V2a.5.5 0 0 0-.5-.5H8V0h2Z\" \/>\n\t\t\t<\/svg>\n\t\t<\/button><\/figure>\n<\/div>\n<\/div>\n<\/div>\n<\/div>\n<\/div><\/div>\n","protected":false},"excerpt":{"rendered":"","protected":false},"author":2,"featured_media":0,"parent":0,"menu_order":0,"comment_status":"closed","ping_status":"closed","template":"","meta":{"_themeisle_gutenberg_block_has_review":false,"footnotes":""},"class_list":["post-626","page","type-page","status-publish","hentry"],"_links":{"self":[{"href":"https:\/\/angla.saaremaa-top.ee\/angla\/wp-json\/wp\/v2\/pages\/626","targetHints":{"allow":["GET"]}}],"collection":[{"href":"https:\/\/angla.saaremaa-top.ee\/angla\/wp-json\/wp\/v2\/pages"}],"about":[{"href":"https:\/\/angla.saaremaa-top.ee\/angla\/wp-json\/wp\/v2\/types\/page"}],"author":[{"embeddable":true,"href":"https:\/\/angla.saaremaa-top.ee\/angla\/wp-json\/wp\/v2\/users\/2"}],"replies":[{"embeddable":true,"href":"https:\/\/angla.saaremaa-top.ee\/angla\/wp-json\/wp\/v2\/comments?post=626"}],"version-history":[{"count":15,"href":"https:\/\/angla.saaremaa-top.ee\/angla\/wp-json\/wp\/v2\/pages\/626\/revisions"}],"predecessor-version":[{"id":1706,"href":"https:\/\/angla.saaremaa-top.ee\/angla\/wp-json\/wp\/v2\/pages\/626\/revisions\/1706"}],"wp:attachment":[{"href":"https:\/\/angla.saaremaa-top.ee\/angla\/wp-json\/wp\/v2\/media?parent=626"}],"curies":[{"name":"wp","href":"https:\/\/api.w.org\/{rel}","templated":true}]}}