{"id":286,"date":"2023-08-26T17:13:56","date_gmt":"2023-08-26T14:13:56","guid":{"rendered":"https:\/\/angla.saaremaa-top.ee\/angla\/?page_id=286"},"modified":"2025-08-27T16:26:56","modified_gmt":"2025-08-27T13:26:56","slug":"angla-tuulikumagi","status":"publish","type":"page","link":"https:\/\/angla.saaremaa-top.ee\/angla\/angla-tuulikumagi\/","title":{"rendered":"ANGLA tuulikum\u00e4gi"},"content":{"rendered":"\n<div class=\"wp-block-group alignfull is-layout-constrained wp-block-group-is-layout-constrained\">\n<div id=\"wp-block-themeisle-blocks-advanced-columns-2c60bc77\" class=\"wp-block-themeisle-blocks-advanced-columns alignfull has-1-columns has-desktop-equal-layout has-tablet-equal-layout has-mobile-collapsedRows-layout has-reverse-columns-mobile has-vertical-top ticss-c00aadba\"><div class=\"wp-block-themeisle-blocks-advanced-columns-overlay\"><\/div><div class=\"innerblocks-wrap\">\n<div id=\"wp-block-themeisle-blocks-advanced-column-75b9263d\" class=\"wp-block-themeisle-blocks-advanced-column\">\n<div class=\"wp-block-columns are-vertically-aligned-top is-not-stacked-on-mobile has-raft-fg-alt-color has-text-color has-link-color wp-elements-1fe141370edd011f0a574273f83d6f87 is-layout-flex wp-container-core-columns-is-layout-e79a657b wp-block-columns-is-layout-flex\" style=\"padding-top:0\">\n<div class=\"wp-block-column is-vertically-aligned-top is-content-justification-left is-layout-constrained wp-container-core-column-is-layout-1ad27c61 wp-block-column-is-layout-constrained\" style=\"padding-right:0;padding-left:0;flex-basis:350px\"><div class=\"aligncenter wp-block-site-logo\"><a href=\"https:\/\/angla.saaremaa-top.ee\/angla\/\" class=\"custom-logo-link\" rel=\"home\"><img loading=\"lazy\" decoding=\"async\" width=\"300\" height=\"255\" src=\"https:\/\/angla.saaremaa-top.ee\/angla\/wp-content\/uploads\/est-ANGLA-vertikaalne-VALGE.png\" class=\"custom-logo\" alt=\"ANGLA tuulikum\u00e4gi\" srcset=\"https:\/\/angla.saaremaa-top.ee\/angla\/wp-content\/uploads\/est-ANGLA-vertikaalne-VALGE.png 500w, https:\/\/angla.saaremaa-top.ee\/angla\/wp-content\/uploads\/est-ANGLA-vertikaalne-VALGE-450x383.png 450w\" sizes=\"auto, (max-width: 300px) 100vw, 300px\" \/><\/a><\/div><\/div>\n\n\n\n<div class=\"wp-block-column is-vertically-aligned-top has-white-color has-text-color has-medium-font-size is-layout-flow wp-container-core-column-is-layout-5a5c8e5d wp-block-column-is-layout-flow\" style=\"padding-top:0;padding-right:0;padding-bottom:0;padding-left:0;flex-basis:50%\">\n<div style=\"height:5px\" aria-hidden=\"true\" class=\"wp-block-spacer\"><\/div>\n<\/div>\n\n\n\n<div class=\"wp-block-column is-vertically-aligned-top is-layout-flow wp-block-column-is-layout-flow\" style=\"padding-left:var(--wp--preset--spacing--40);flex-basis:50%\">\n<p class=\"has-text-align-center has-white-color has-text-color\" style=\"padding-top:var(--wp--preset--spacing--20);padding-right:0;padding-bottom:0;font-size:18px\"><strong><a href=\"https:\/\/angla.saaremaa-top.ee\/angla\/en\/\">EN<\/a> <a href=\"https:\/\/angla.saaremaa-top.ee\/angla\/en\" data-type=\"page\" data-id=\"684\"> <\/a><a href=\"https:\/\/angla.saaremaa-top.ee\/angla\/ru\/\" data-type=\"page\" data-id=\"706\">RU<\/a> <\/strong><\/p>\n\n\n\n<div id=\"wp-block-themeisle-blocks-font-awesome-icons-79bda70f\" class=\"wp-block-themeisle-blocks-font-awesome-icons\"><span class=\"wp-block-themeisle-blocks-font-awesome-icons-container\"><a href=\"https:\/\/www.facebook.com\/AnglaTuulikud\" target=\"_blank\" rel=\"noopener noreferrer\"><i class=\"fab fa-facebook\"><\/i><\/a><\/span><\/div>\n\n\n\n<div id=\"wp-block-themeisle-blocks-font-awesome-icons-0286bec9\" class=\"wp-block-themeisle-blocks-font-awesome-icons\"><span class=\"wp-block-themeisle-blocks-font-awesome-icons-container\"><a href=\"https:\/\/www.youtube.com\/@SaaremaaTop-AnglaKaaliPanga\" target=\"_blank\" rel=\"noopener noreferrer\"><i class=\"fab fa-youtube\"><\/i><\/a><\/span><\/div>\n<\/div>\n<\/div>\n\n\n\n<div style=\"height:180px\" aria-hidden=\"true\" class=\"wp-block-spacer\"><\/div>\n\n\n\n<div style=\"height:30px\" aria-hidden=\"true\" class=\"wp-block-spacer\"><\/div>\n<\/div>\n<\/div><\/div>\n<\/div>\n\n\n\n<div style=\"height:5px\" aria-hidden=\"true\" class=\"wp-block-spacer\"><\/div>\n\n\n\n<div id=\"wp-block-themeisle-blocks-button-group-368d04b1\" class=\"wp-block-themeisle-blocks-button-group wp-block-buttons align-center-desktop\">\n<div id=\"wp-block-themeisle-blocks-button-412bdb6f\" class=\"wp-block-themeisle-blocks-button wp-block-button\"><a href=\"https:\/\/angla.saaremaa-top.ee\/angla\/angla-tuulikumagi\/\" target=\"_self\" rel=\"noopener noreferrer\" class=\"wp-block-button__link\"><i class=\"fas fa-fw fa-arrows-alt margin-right\"><\/i><span>Tuulikum\u00e4gi<\/span><\/a><\/div>\n\n\n\n<div id=\"wp-block-themeisle-blocks-button-994d9174\" class=\"wp-block-themeisle-blocks-button wp-block-button\"><a href=\"https:\/\/angla.saaremaa-top.ee\/angla\/angla-tuulikumagi-ja-parandkultuuri-keskus\/\" target=\"_self\" rel=\"noopener noreferrer\" class=\"wp-block-button__link\"><i class=\"fas fa-fw fa-arrows-alt margin-right\"><\/i><span>P\u00e4randkultuur<\/span><\/a><\/div>\n\n\n\n<div id=\"wp-block-themeisle-blocks-button-9b360084\" class=\"wp-block-themeisle-blocks-button wp-block-button\"><a href=\"https:\/\/angla.saaremaa-top.ee\/angla\/hinnad-ja-avatud-ajad\/\" target=\"_self\" rel=\"noopener noreferrer\" class=\"wp-block-button__link\"><i class=\"fas fa-fw fa-arrows-alt margin-right\"><\/i><span>K\u00fclastusinfo<\/span><\/a><\/div>\n\n\n\n<div id=\"wp-block-themeisle-blocks-button-95e0125d\" class=\"wp-block-themeisle-blocks-button wp-block-button\"><a href=\"https:\/\/angla.saaremaa-top.ee\/angla\/galerii\/\" target=\"_self\" rel=\"noopener noreferrer\" class=\"wp-block-button__link\"><i class=\"fas fa-fw fa-arrows-alt margin-right\"><\/i><span>Galerii<\/span><\/a><\/div>\n<\/div>\n\n\n\n<section id=\"wp-block-themeisle-blocks-advanced-columns-335a2f03\" class=\"wp-block-themeisle-blocks-advanced-columns alignfull has-1-columns has-desktop-equal-layout has-tablet-equal-layout has-mobile-equal-layout has-vertical-flex-start\"><div class=\"wp-block-themeisle-blocks-advanced-columns-overlay\"><\/div><div class=\"innerblocks-wrap\">\n<div id=\"wp-block-themeisle-blocks-advanced-column-5d90343f\" class=\"wp-block-themeisle-blocks-advanced-column\">\n<div class=\"wp-block-group alignfull is-layout-flow wp-block-group-is-layout-flow\">\n<div class=\"wp-block-columns alignwide is-layout-flex wp-container-core-columns-is-layout-f73a4e51 wp-block-columns-is-layout-flex\" style=\"margin-top:0;margin-bottom:0;padding-top:0;padding-right:var(--wp--preset--spacing--30);padding-bottom:0;padding-left:var(--wp--preset--spacing--30)\">\n<div class=\"wp-block-column is-layout-flow wp-container-core-column-is-layout-f07b7ac0 wp-block-column-is-layout-flow\" style=\"padding-right:var(--wp--preset--spacing--30);padding-left:var(--wp--preset--spacing--30)\">\n<h2 class=\"wp-block-heading\" style=\"padding-top:var(--wp--preset--spacing--40);padding-bottom:var(--wp--preset--spacing--40)\">ANGLA tuulikum\u00e4gi <\/h2>\n\n\n\n<div style=\"height:10px\" aria-hidden=\"true\" class=\"wp-block-spacer\"><\/div>\n<\/div>\n<\/div>\n\n\n\n<div class=\"wp-block-columns alignwide is-layout-flex wp-container-core-columns-is-layout-28f84493 wp-block-columns-is-layout-flex\">\n<div class=\"wp-block-column is-layout-flow wp-block-column-is-layout-flow\" style=\"padding-right:0;padding-left:0;flex-basis:50%\">\n<blockquote class=\"wp-block-quote is-style-default has-background has-normal-font-size is-layout-flow wp-block-quote-is-layout-flow\" style=\"background-color:#f8f4e4\">\n<div style=\"height:20px\" aria-hidden=\"true\" class=\"wp-block-spacer\"><\/div>\n\n\n\n<p style=\"padding-right:var(--wp--preset--spacing--30);padding-left:var(--wp--preset--spacing--30)\">ANGLA tuulikum\u00e4e 5 tuulikut on Eestis \u00fcks paremini s\u00e4ilinud tuulikutegrupp, mis paikneb oma algses asukohas Angla tuulikum\u00e4el Saaremaal. Neli tuulikut on p\u00f6\u00f6ratava kerega&nbsp;pukktuulikud ja viies on hollandi-t\u00fc\u00fcpi tuulik &#8211; vaid p\u00f6\u00f6ratava peaga kaheksa-tahuline tuuleveski. Tuulikud on ehitatud 19. ja 20. sajandi algusaastatel.<br><\/p>\n\n\n\n<div style=\"height:10px\" aria-hidden=\"true\" class=\"wp-block-spacer\"><\/div>\n\n\n\n<div class=\"wp-block-buttons is-layout-flex wp-block-buttons-is-layout-flex\">\n<div class=\"wp-block-button\"><a class=\"wp-block-button__link has-background wp-element-button\" href=\"https:\/\/angla.saaremaa-top.ee\/angla\/hinnad-ja-avatud-ajad\/\" style=\"background-color:#79421f\">K\u00fclastusinfo \u00bb<\/a><\/div>\n<\/div>\n\n\n\n<div style=\"height:5px\" aria-hidden=\"true\" class=\"wp-block-spacer\"><\/div>\n<\/blockquote>\n\n\n\n<p style=\"padding-right:var(--wp--preset--spacing--30);padding-left:var(--wp--preset--spacing--30)\">Tuul on l\u00e4bi aastasadade olnud k\u00f5ige k\u00e4ttesaadavam looduslik j\u00f5uallikas. Tuuleveskid, mis kunagi jahvatasid vilja, et leiba lauale j\u00e4tkuks, on eelk\u00e4ijateks tuulegeneraatoritele, mis t\u00e4nasel p\u00e4eval rohelist energiat annavad.<\/p>\n\n\n\n<p style=\"padding-right:var(--wp--preset--spacing--30);padding-left:var(--wp--preset--spacing--30)\">Esimene kirjalik teade Baltimaades asuvast tuuleveskist p\u00e4rineb aastast 1330, Riiast. Arvatakse, et samal ajal j\u00f5udis veskite ehitus ka Eestisse. Vanimaid tuulikuid &#8211; terve kerega p\u00f6\u00f6ratavaid pukktuulikuid, leidus eriti palju L\u00e4\u00e4ne-Eestis ja saartel. Sest siin kehtis vabade rannarootslaste m\u00f5jul tava\u00f5igus, mis lubas tuuliku ehitada igal talul. Mujal Eestis oli ehitamine v\u00e4heste privileeg.<\/p>\n\n\n\n<p style=\"padding-right:var(--wp--preset--spacing--30);padding-left:var(--wp--preset--spacing--30)\">19. sajandil oli Saaremaal iga kahe talupere peale \u00fcks tuuleveski ehk ligi 900 tuulikut. T\u00e4nasel p\u00e4eval leiab Eestist \u00fcksikuid tuulikuid, ainsaks erandiks ongi Angla k\u00fcla tuulikum\u00e4gi Saaremaal, kus 4 pukktuulikut ja 1 hollandi tuulik on kenasti reas ja k\u00fclastajatele avatud nii v\u00e4ljast kui seest. \u00d5ue peal on rivis ka ajaloolised p\u00f5llut\u00f6\u00f6masinad ja suisel ajal saab kena pika pai teha aedikus k\u00fclastajaid tervitavatele taluloomadele.<br><\/p>\n\n\n\n<div style=\"height:20px\" aria-hidden=\"true\" class=\"wp-block-spacer\"><\/div>\n<\/div>\n\n\n\n<div class=\"wp-block-column is-layout-flow wp-block-column-is-layout-flow\" style=\"padding-right:var(--wp--preset--spacing--20);padding-left:var(--wp--preset--spacing--20);flex-basis:50%\">\n<figure data-wp-context=\"{&quot;imageId&quot;:&quot;69e0c0ad603ea&quot;}\" data-wp-interactive=\"core\/image\" data-wp-key=\"69e0c0ad603ea\" class=\"wp-block-image size-full wp-lightbox-container\"><img loading=\"lazy\" decoding=\"async\" width=\"450\" height=\"450\" data-wp-class--hide=\"state.isContentHidden\" data-wp-class--show=\"state.isContentVisible\" data-wp-init=\"callbacks.setButtonStyles\" data-wp-on--click=\"actions.showLightbox\" data-wp-on--load=\"callbacks.setButtonStyles\" data-wp-on-window--resize=\"callbacks.setButtonStyles\" src=\"https:\/\/angla.saaremaa-top.ee\/angla\/wp-content\/uploads\/angal-tuulikud-450px-450px.png\" alt=\"ANGLA tuulikud\" class=\"wp-image-289\" srcset=\"https:\/\/angla.saaremaa-top.ee\/angla\/wp-content\/uploads\/angal-tuulikud-450px-450px.png 450w, https:\/\/angla.saaremaa-top.ee\/angla\/wp-content\/uploads\/angal-tuulikud-450px-450px-150x150.png 150w\" sizes=\"auto, (max-width: 450px) 100vw, 450px\" \/><button\n\t\t\tclass=\"lightbox-trigger\"\n\t\t\ttype=\"button\"\n\t\t\taria-haspopup=\"dialog\"\n\t\t\taria-label=\"Enlarge\"\n\t\t\tdata-wp-init=\"callbacks.initTriggerButton\"\n\t\t\tdata-wp-on--click=\"actions.showLightbox\"\n\t\t\tdata-wp-style--right=\"state.imageButtonRight\"\n\t\t\tdata-wp-style--top=\"state.imageButtonTop\"\n\t\t>\n\t\t\t<svg xmlns=\"http:\/\/www.w3.org\/2000\/svg\" width=\"12\" height=\"12\" fill=\"none\" viewBox=\"0 0 12 12\">\n\t\t\t\t<path fill=\"#fff\" d=\"M2 0a2 2 0 0 0-2 2v2h1.5V2a.5.5 0 0 1 .5-.5h2V0H2Zm2 10.5H2a.5.5 0 0 1-.5-.5V8H0v2a2 2 0 0 0 2 2h2v-1.5ZM8 12v-1.5h2a.5.5 0 0 0 .5-.5V8H12v2a2 2 0 0 1-2 2H8Zm2-12a2 2 0 0 1 2 2v2h-1.5V2a.5.5 0 0 0-.5-.5H8V0h2Z\" \/>\n\t\t\t<\/svg>\n\t\t<\/button><\/figure>\n\n\n\n<div style=\"height:20px\" aria-hidden=\"true\" class=\"wp-block-spacer\"><\/div>\n\n\n\n<figure data-wp-context=\"{&quot;imageId&quot;:&quot;69e0c0ad60874&quot;}\" data-wp-interactive=\"core\/image\" data-wp-key=\"69e0c0ad60874\" class=\"wp-block-image size-full wp-lightbox-container\"><img loading=\"lazy\" decoding=\"async\" width=\"450\" height=\"450\" data-wp-class--hide=\"state.isContentHidden\" data-wp-class--show=\"state.isContentVisible\" data-wp-init=\"callbacks.setButtonStyles\" data-wp-on--click=\"actions.showLightbox\" data-wp-on--load=\"callbacks.setButtonStyles\" data-wp-on-window--resize=\"callbacks.setButtonStyles\" src=\"https:\/\/angla.saaremaa-top.ee\/angla\/wp-content\/uploads\/angla-korvalhoone-450px-450px.png\" alt=\"Angla tuulikum\u00e4gi\" class=\"wp-image-317\" srcset=\"https:\/\/angla.saaremaa-top.ee\/angla\/wp-content\/uploads\/angla-korvalhoone-450px-450px.png 450w, https:\/\/angla.saaremaa-top.ee\/angla\/wp-content\/uploads\/angla-korvalhoone-450px-450px-150x150.png 150w\" sizes=\"auto, (max-width: 450px) 100vw, 450px\" \/><button\n\t\t\tclass=\"lightbox-trigger\"\n\t\t\ttype=\"button\"\n\t\t\taria-haspopup=\"dialog\"\n\t\t\taria-label=\"Enlarge\"\n\t\t\tdata-wp-init=\"callbacks.initTriggerButton\"\n\t\t\tdata-wp-on--click=\"actions.showLightbox\"\n\t\t\tdata-wp-style--right=\"state.imageButtonRight\"\n\t\t\tdata-wp-style--top=\"state.imageButtonTop\"\n\t\t>\n\t\t\t<svg xmlns=\"http:\/\/www.w3.org\/2000\/svg\" width=\"12\" height=\"12\" fill=\"none\" viewBox=\"0 0 12 12\">\n\t\t\t\t<path fill=\"#fff\" d=\"M2 0a2 2 0 0 0-2 2v2h1.5V2a.5.5 0 0 1 .5-.5h2V0H2Zm2 10.5H2a.5.5 0 0 1-.5-.5V8H0v2a2 2 0 0 0 2 2h2v-1.5ZM8 12v-1.5h2a.5.5 0 0 0 .5-.5V8H12v2a2 2 0 0 1-2 2H8Zm2-12a2 2 0 0 1 2 2v2h-1.5V2a.5.5 0 0 0-.5-.5H8V0h2Z\" \/>\n\t\t\t<\/svg>\n\t\t<\/button><\/figure>\n<\/div>\n<\/div>\n<\/div>\n\n\n\n<figure class=\"wp-block-video\" style=\"padding-top:var(--wp--preset--spacing--70);padding-right:0;padding-bottom:var(--wp--preset--spacing--40);padding-left:0\"><video height=\"1080\" style=\"aspect-ratio: 1920 \/ 1080;\" width=\"1920\" controls src=\"https:\/\/angla.saaremaa-top.ee\/angla\/wp-content\/uploads\/These-are-not-just-Windmills-Estonian.mp4\"><\/video><\/figure>\n\n\n\n<div class=\"wp-block-group has-raft-bg-alt-background-color has-background is-layout-flow wp-container-core-group-is-layout-67e915f1 wp-block-group-is-layout-flow\" style=\"border-style:none;border-width:0px;min-height:0px;margin-top:var(--wp--preset--spacing--60);margin-bottom:var(--wp--preset--spacing--60);padding-top:var(--wp--preset--spacing--60);padding-right:var(--wp--preset--spacing--80);padding-bottom:var(--wp--preset--spacing--60);padding-left:var(--wp--preset--spacing--70)\">\n<h2 class=\"wp-block-heading\" style=\"padding-top:var(--wp--preset--spacing--20);padding-bottom:var(--wp--preset--spacing--50)\">ANGLA tuulikum\u00e4e tuulikud<\/h2>\n\n\n\n<div id=\"wp-block-themeisle-blocks-advanced-columns-88300eb2\" class=\"wp-block-themeisle-blocks-advanced-columns has-3-columns has-desktop-equal-layout has-tablet-equal-layout has-mobile-collapsedRows-layout has-vertical-unset\"><div class=\"wp-block-themeisle-blocks-advanced-columns-overlay\"><\/div><div class=\"innerblocks-wrap\">\n<div id=\"wp-block-themeisle-blocks-advanced-column-30e9ec2c\" class=\"wp-block-themeisle-blocks-advanced-column\">\n<div class=\"wp-block-group is-layout-constrained wp-block-group-is-layout-constrained\">\n<figure class=\"wp-block-image size-full is-resized\"><a href=\"https:\/\/angla.saaremaa-top.ee\/angla\/tuulikud\/lause-tuulik\/\"><img loading=\"lazy\" decoding=\"async\" width=\"450\" height=\"450\" src=\"https:\/\/angla.saaremaa-top.ee\/angla\/wp-content\/uploads\/tuulikutiivad-450px-450px.png\" alt=\"Angla tuulikum\u00e4gi\" class=\"wp-image-327\" style=\"object-fit:cover;width:220px;height:220px\" srcset=\"https:\/\/angla.saaremaa-top.ee\/angla\/wp-content\/uploads\/tuulikutiivad-450px-450px.png 450w, https:\/\/angla.saaremaa-top.ee\/angla\/wp-content\/uploads\/tuulikutiivad-450px-450px-150x150.png 150w\" sizes=\"auto, (max-width: 450px) 100vw, 450px\" \/><\/a><\/figure>\n\n\n\n<h4 class=\"wp-block-heading\"><a href=\"https:\/\/angla.saaremaa-top.ee\/angla\/tuulikud\/lause-tuulik\/\" data-type=\"link\" data-id=\"https:\/\/angla.saaremaa-top.ee\/angla\/tuulikud\/lause-tuulik\/\">Lause tuulik<\/a><\/h4>\n\n\n\n<p>Lause tuuliku konstruktsioonidel esinev vanim aastaarv on 1880, kui\u2026<\/p>\n\n\n\n<div class=\"wp-block-buttons has-custom-font-size has-small-font-size is-layout-flex wp-block-buttons-is-layout-flex\">\n<div class=\"wp-block-button\"><a class=\"wp-block-button__link has-background wp-element-button\" href=\"https:\/\/angla.saaremaa-top.ee\/angla\/tuulikud\/lause-tuulik\/\" style=\"background-color:#79421f\">Loe lisaks \u00bb<\/a><\/div>\n<\/div>\n<\/div>\n<\/div>\n\n\n\n<div id=\"wp-block-themeisle-blocks-advanced-column-2455f8e6\" class=\"wp-block-themeisle-blocks-advanced-column\">\n<div class=\"wp-block-group is-layout-constrained wp-block-group-is-layout-constrained\">\n<figure class=\"wp-block-image size-full is-resized\"><img loading=\"lazy\" decoding=\"async\" width=\"450\" height=\"450\" src=\"https:\/\/angla.saaremaa-top.ee\/angla\/wp-content\/uploads\/reinu-450px-450px.png\" alt=\"Reinu pukktuulik (wikipedia)\" class=\"wp-image-352\" style=\"object-fit:cover;width:220px;height:220px\" srcset=\"https:\/\/angla.saaremaa-top.ee\/angla\/wp-content\/uploads\/reinu-450px-450px.png 450w, https:\/\/angla.saaremaa-top.ee\/angla\/wp-content\/uploads\/reinu-450px-450px-150x150.png 150w\" sizes=\"auto, (max-width: 450px) 100vw, 450px\" \/><\/figure>\n\n\n\n<h4 class=\"wp-block-heading\"><a href=\"https:\/\/angla.saaremaa-top.ee\/angla\/tuulikud\/reinu-tuulik\/\" data-type=\"link\" data-id=\"https:\/\/angla.saaremaa-top.ee\/angla\/tuulikud\/reinu-tuulik\/\">Reinu tuulik<\/a><\/h4>\n\n\n\n<p>Reinu tuulik on Angla tuulikutest vanim, selle ehitusdaatumite p\u00f5hjal p\u00e4rineb tuulik 19. saj &#8230;<\/p>\n\n\n\n<div class=\"wp-block-buttons has-custom-font-size has-small-font-size is-layout-flex wp-block-buttons-is-layout-flex\">\n<div class=\"wp-block-button\"><a class=\"wp-block-button__link has-background wp-element-button\" href=\"https:\/\/angla.saaremaa-top.ee\/angla\/tuulikud\/reinu-tuulik\/\" style=\"background-color:#79421f\">Loe lisaks \u00bb<\/a><\/div>\n<\/div>\n\n\n\n<div style=\"height:10px\" aria-hidden=\"true\" class=\"wp-block-spacer\"><\/div>\n<\/div>\n<\/div>\n\n\n\n<div id=\"wp-block-themeisle-blocks-advanced-column-c7b9354c\" class=\"wp-block-themeisle-blocks-advanced-column\">\n<div class=\"wp-block-group is-layout-constrained wp-block-group-is-layout-constrained\">\n<figure class=\"wp-block-image alignleft size-full is-resized\"><a href=\"https:\/\/angla.saaremaa-top.ee\/angla\/tuulikud\/tedre-hollandlane\/\"><img loading=\"lazy\" decoding=\"async\" width=\"450\" height=\"450\" src=\"https:\/\/angla.saaremaa-top.ee\/angla\/wp-content\/uploads\/angla-hollandlane-450px-450px.png\" alt=\"Angla Tedre hollandlane\" class=\"wp-image-340\" style=\"object-fit:cover;width:220px;height:220px\" srcset=\"https:\/\/angla.saaremaa-top.ee\/angla\/wp-content\/uploads\/angla-hollandlane-450px-450px.png 450w, https:\/\/angla.saaremaa-top.ee\/angla\/wp-content\/uploads\/angla-hollandlane-450px-450px-150x150.png 150w\" sizes=\"auto, (max-width: 450px) 100vw, 450px\" \/><\/a><\/figure>\n\n\n\n<h4 class=\"wp-block-heading\"><a href=\"https:\/\/angla.saaremaa-top.ee\/angla\/tuulikud\/tedre-hollandlane\/\" data-type=\"link\" data-id=\"https:\/\/angla.saaremaa-top.ee\/angla\/tuulikud\/tedre-hollandlane\/\">Tedre hollandlane<\/a><\/h4>\n\n\n\n<p>Tedre talu tuulik ehk \u201cTedre hollandlane\u201d ehitati 1927. aastal varasema &#8230;<\/p>\n\n\n\n<div class=\"wp-block-buttons has-custom-font-size has-small-font-size is-layout-flex wp-block-buttons-is-layout-flex\">\n<div class=\"wp-block-button\"><a class=\"wp-block-button__link has-background wp-element-button\" href=\"https:\/\/angla.saaremaa-top.ee\/angla\/tuulikud\/tedre-hollandlane\/\" style=\"background-color:#79421f\">Loe lisaks \u00bb<\/a><\/div>\n<\/div>\n<\/div>\n<\/div>\n<\/div><\/div>\n\n\n\n<div id=\"wp-block-themeisle-blocks-advanced-columns-41b63f3a\" class=\"wp-block-themeisle-blocks-advanced-columns has-3-columns has-desktop-equal-layout has-tablet-equal-layout has-mobile-collapsedRows-layout has-vertical-unset\"><div class=\"wp-block-themeisle-blocks-advanced-columns-overlay\"><\/div><div class=\"innerblocks-wrap\">\n<div id=\"wp-block-themeisle-blocks-advanced-column-9e8b5c6f\" class=\"wp-block-themeisle-blocks-advanced-column\">\n<div class=\"wp-block-group is-layout-constrained wp-block-group-is-layout-constrained\">\n<figure class=\"wp-block-image size-full is-resized\"><a href=\"https:\/\/angla.saaremaa-top.ee\/angla\/tuulikud\/viite-tuulik\/\"><img loading=\"lazy\" decoding=\"async\" width=\"450\" height=\"450\" src=\"https:\/\/angla.saaremaa-top.ee\/angla\/wp-content\/uploads\/viita-450px-450px.png\" alt=\"Viita pukktuulik (wikipedia)\" class=\"wp-image-343\" style=\"object-fit:cover;width:220px;height:220px\" srcset=\"https:\/\/angla.saaremaa-top.ee\/angla\/wp-content\/uploads\/viita-450px-450px.png 450w, https:\/\/angla.saaremaa-top.ee\/angla\/wp-content\/uploads\/viita-450px-450px-150x150.png 150w\" sizes=\"auto, (max-width: 450px) 100vw, 450px\" \/><\/a><\/figure>\n\n\n\n<h4 class=\"wp-block-heading\"><a href=\"https:\/\/angla.saaremaa-top.ee\/angla\/tuulikud\/viite-tuulik\/\" data-type=\"link\" data-id=\"https:\/\/angla.saaremaa-top.ee\/angla\/tuulikud\/lause-tuulik\/\">Viite tuulik<\/a><\/h4>\n\n\n\n<p style=\"padding-right:var(--wp--preset--spacing--30)\">Viite pukktuulik on ehitatud 1910. aastal. 2010 aastal toimunud restaureerimis-t\u00f6\u00f6de k\u00e4igus taastati &#8230;<\/p>\n\n\n\n<div class=\"wp-block-buttons has-custom-font-size has-small-font-size is-layout-flex wp-block-buttons-is-layout-flex\">\n<div class=\"wp-block-button\"><a class=\"wp-block-button__link has-background wp-element-button\" href=\"https:\/\/angla.saaremaa-top.ee\/angla\/tuulikud\/viite-tuulik\/\" style=\"background-color:#79421f\">Loe lisaks \u00bb<\/a><\/div>\n<\/div>\n<\/div>\n<\/div>\n\n\n\n<div id=\"wp-block-themeisle-blocks-advanced-column-1428bebd\" class=\"wp-block-themeisle-blocks-advanced-column\">\n<div class=\"wp-block-group is-layout-constrained wp-block-group-is-layout-constrained\">\n<figure class=\"wp-block-image size-full is-resized\"><a href=\"https:\/\/angla.saaremaa-top.ee\/angla\/tuulikud\/vilidu-tuulik\/\"><img loading=\"lazy\" decoding=\"async\" width=\"450\" height=\"450\" src=\"https:\/\/angla.saaremaa-top.ee\/angla\/wp-content\/uploads\/vilidu-450px-450px.png\" alt=\"Vilidu pukktuulik (wikipedia)\" class=\"wp-image-346\" style=\"object-fit:cover;width:220px;height:220px\" srcset=\"https:\/\/angla.saaremaa-top.ee\/angla\/wp-content\/uploads\/vilidu-450px-450px.png 450w, https:\/\/angla.saaremaa-top.ee\/angla\/wp-content\/uploads\/vilidu-450px-450px-150x150.png 150w\" sizes=\"auto, (max-width: 450px) 100vw, 450px\" \/><\/a><\/figure>\n\n\n\n<h4 class=\"wp-block-heading\"><a href=\"https:\/\/angla.saaremaa-top.ee\/angla\/tuulikud\/vilidu-tuulik\/\" data-type=\"link\" data-id=\"https:\/\/angla.saaremaa-top.ee\/angla\/tuulikud\/reinu-tuulik\/\">Vilidu tuulik<\/a><\/h4>\n\n\n\n<p style=\"padding-right:var(--wp--preset--spacing--30)\">Vilidu tuulik ehitati aastal 1913 ning see on seni ainsana Angla tuulikutest p\u00f5hjalikult &#8230;<\/p>\n\n\n\n<div class=\"wp-block-buttons has-custom-font-size has-small-font-size is-layout-flex wp-block-buttons-is-layout-flex\">\n<div class=\"wp-block-button\"><a class=\"wp-block-button__link has-background wp-element-button\" href=\"https:\/\/angla.saaremaa-top.ee\/angla\/tuulikud\/vilidu-tuulik\/\" style=\"background-color:#79421f\">Loe lisaks \u00bb<\/a><\/div>\n<\/div>\n<\/div>\n<\/div>\n\n\n\n<div id=\"wp-block-themeisle-blocks-advanced-column-1241d2da\" class=\"wp-block-themeisle-blocks-advanced-column\"><\/div>\n<\/div><\/div>\n<\/div>\n<\/div>\n<\/div><\/section>\n","protected":false},"excerpt":{"rendered":"","protected":false},"author":2,"featured_media":0,"parent":0,"menu_order":0,"comment_status":"closed","ping_status":"closed","template":"","meta":{"_themeisle_gutenberg_block_has_review":false,"footnotes":""},"class_list":["post-286","page","type-page","status-publish","hentry"],"_links":{"self":[{"href":"https:\/\/angla.saaremaa-top.ee\/angla\/wp-json\/wp\/v2\/pages\/286","targetHints":{"allow":["GET"]}}],"collection":[{"href":"https:\/\/angla.saaremaa-top.ee\/angla\/wp-json\/wp\/v2\/pages"}],"about":[{"href":"https:\/\/angla.saaremaa-top.ee\/angla\/wp-json\/wp\/v2\/types\/page"}],"author":[{"embeddable":true,"href":"https:\/\/angla.saaremaa-top.ee\/angla\/wp-json\/wp\/v2\/users\/2"}],"replies":[{"embeddable":true,"href":"https:\/\/angla.saaremaa-top.ee\/angla\/wp-json\/wp\/v2\/comments?post=286"}],"version-history":[{"count":58,"href":"https:\/\/angla.saaremaa-top.ee\/angla\/wp-json\/wp\/v2\/pages\/286\/revisions"}],"predecessor-version":[{"id":2278,"href":"https:\/\/angla.saaremaa-top.ee\/angla\/wp-json\/wp\/v2\/pages\/286\/revisions\/2278"}],"wp:attachment":[{"href":"https:\/\/angla.saaremaa-top.ee\/angla\/wp-json\/wp\/v2\/media?parent=286"}],"curies":[{"name":"wp","href":"https:\/\/api.w.org\/{rel}","templated":true}]}}